 f and 8?
1
Suppose 2*l = -0*l + 4. Let z be -2 - (-2 + l + -4). Let v(n) = -n**3 + 16. Let g be v(0). Calculate the greatest common factor of g and z.
2
Let v(n) = -n**2 - 10*n + 3. Let u be v(-7). Let p = 99 + -39. What is the greatest common factor of u and p?
12
Let r(q) = q**3 - 7*q**2 + 8*q. Suppose 4*b - 3 = 21. Let y be r(b). Calculate the greatest common divisor of 30 and y.
6
Let z be (-3 + 4)*15 - 5. Calculate the greatest common factor of 50 and z.
10
Let r = -2 - -10. Calculate the greatest common factor of 16 and r.
8
Suppose 0 = 5*g - 69 - 21. Suppose -o + g = o. Let m(q) = -17*q - 126. Let z be m(-9). What is the highest common factor of o and z?
9
Let q(v) = v**2 + 7*v - 12. Let y be 9*-1*(5 + -4). Let b be q(y). Calculate the highest common divisor of b and 48.
6
Let c be -1 + 1 - 100/(-4). What is the greatest common divisor of 25 and c?
25
Suppose -8*n + 12*n - 104 = 0. Calculate the greatest common divisor of 130 and n.
26
Suppose 2*v - 210 = -54. Let d = v - 1. Let u be (-1 - 1)/(2/(-7)). Calculate the highest common factor of d and u.
7
Let s = 26 - 7. Calculate the highest common divisor of s and 152.
19
Suppose -5*c - 2*r - 1 = 0, -c - 3*r = -6*r - 10. Let h be (-2 - c/4)*16. Let d = 60 + h. What is the greatest common divisor of 60 and d?
12
Suppose -2*d + 5*s = -102, 0 = 5*d - s - 195 - 14. What is the greatest common divisor of 328 and d?
41
Let g = 16 - 10. What is the greatest common factor of g and 12?
6
Suppose 4*j + 5*a - 90 + 9 = 0, 72 = 4*j - 4*a. Suppose -2*d - j = -x, 2*d = 4*x - 28 - 36. Calculate the greatest common divisor of 5 and x.
5
Let p(b) = b**2 - b + 4. Let t be p(0). Let i be 119 + (t - 3) + 4. What is the highest common divisor of 31 and i?
31
Let x be 3/(2 + 637/(-320)). Let d = 544 - x. What is the greatest common factor of d and 32?
32
Let h = -134 + 138. What is the highest common divisor of h and 6?
2
Let k be ((-6)/(-9))/(-1)*-30. Suppose 0 = -4*b + k + 20. What is the highest common factor of b and 110?
10
Suppose 0 = -h - 2*h - g + 257, -h + 81 = -2*g. Calculate the highest common factor of h and 34.
17
Let o(d) = d**3 + 6*d**2 - 2*d - 4. Let r be o(-5). Calculate the greatest common factor of r and 248.
31
Suppose -q = -2*g + 26, -2*q - 40 = -3*g - 0*g. Suppose -g - 11 = -x. Calculate the greatest common factor of x and 92.
23
Let x(n) = -3*n - n**3 + 3*n - 1 + 3 + 5*n**2 + 2*n. Let u be x(4). Calculate the greatest common divisor of u and 39.
13
Suppose 5*q - 5*k = 25, 4*k = -2*q + 7 + 3. Suppose 3*s = q*h - 4 + 111, h = -s - 23. Let g = h + 36. What is the highest common divisor of g and 21?
7
Let z(i) = -2*i**2 + 5*i + 6. Let y be z(-5). Let o = -45 - y. What is the highest common factor of 3 and o?
3
Let j(r) = -r. Let i be j(-4). Let u be 24*i + -1 + 4. What is the highest common divisor of 11 and u?
11
Suppose -5*c = -o + 32, -2*o + 5*c + 111 = 27. Let b be (-1)/(4/48)*-1. Let x be 159/b - 2/8. What is the greatest common factor of x and o?
13
Suppose 5*c + 0*c = -1850. Let b be c/(-22) + (-10)/(-55). Suppose -5*j = 4*n - 7*n - b, n = 2*j - 6. Calculate the highest common factor of j and 2.
1
Let l(x) = -x**2 - 9*x - 9. Let f be l(-4). Calculate the highest common divisor of f and 143.
11
Let z be 14 - (1 + (-1 - -2)). Let k be 34/(-51) - 20/(-3). What is the highest common divisor of k and z?
6
Let m = 6 + -4. Suppose -s - m*s + 48 = 0. Calculate the highest common divisor of 8 and s.
8
Suppose -s + 340 = 4*s. What is the highest common factor of s and 17?
17
Suppose -4*m + 3*r + 14 = 5*r, -2*m + 4*r = 8. Calculate the highest common factor of 18 and m.
2
Let g be (-1)/(-2 + (-15)/(-9)). Let w(h) = 3*h**2 - 5*h + 3. Let b be w(g). Let o be (b - -5) + 2/2. What is the highest common factor of o and 7?
7
Suppose 3*i - 92 + 1 = 2*j, -2*j = 10. Let q be 1*(-2)/2 + 4. What is the greatest common divisor of q and i?
3
Let j = -41 - 109. Let t = j + 276. Calculate the greatest common divisor of t and 18.
18
Let k be (-4)/(-10) + 288/30. Calculate the greatest common factor of k and 30.
10
Let m be (-30)/4*(-40)/12. Suppose -4*c + m = c. Suppose -42 = -c*d + 203. What is the highest common factor of d and 7?
7
Let r be (-9)/(-3) + 0 - -3. Let y be 5/10*(0 + r). What is the highest common factor of 33 and y?
3
Let a(i) = -i**3 + i**2 - i + 11. Let f be a(0). What is the highest common divisor of f and 55?
11
Suppose -5*g + y + 11 = -2*g, -3*y - 18 = -4*g. Suppose 0 = 5*s - 2*r - 803, g*s + 3*r + r = 487. Calculate the greatest common factor of 23 and s.
23
Let l(h) be the second derivative of 4*h**2 + 1/20*h**5 - 1/6*h**3 + 0*h**4 + 0 + h. Let k be l(0). Calculate the greatest common divisor of k and 12.
4
Let n be (-3 + 20/5)*36. Let j = -1 - -31. Let q be 20/(-6)*j/(-25). Calculate the highest common divisor of n and q.
4
Let f(z) = 0*z + 5*z**2 - 5 + 0*z - z**3 + 2*z. Let c be f(5). Suppose -c*r = 8 - 88. What is the highest common factor of r and 2?
2
Let w(r) = -r**3 + r**2 + 2*r + 2. Let q be w(-2). What is the highest common factor of 90 and q?
10
Let w(u) = u**2 - 3*u + 3. Let h be w(3). Let o = h + 5. Suppose -6*r + 2*r + l + 228 = 0, l + 284 = 5*r. What is the highest common divisor of r and o?
8
Let q(l) = -l**3 + 9*l**2 - 2*l + 13. Let d be q(9). Let a = d + 17. Let b be 1/(0 + 2/4). What is the highest common factor of b and a?
2
Let t be 0*(-1)/(-2) + 9. What is the highest common factor of 1 and t?
1
Let g(r) = 5*r - 1. Let z be g(-8). Let p = z + 77. Calculate the greatest common divisor of p and 24.
12
Suppose 9*d - 35 = 4*d. Calculate the highest common factor of 35 and d.
7
Let m(a) = a**2 - 12*a + 45. Let s be m(8). Calculate the highest common factor of 299 and s.
13
Let u = -6 + 14. Suppose 0 = d + s - 5, 5*d - 2*s - u - 3 = 0. Suppose -3*h = -2*q + q + 19, -q - h + d = 0. What is the highest common divisor of q and 7?
7
Let c be (8/16)/(2/(-4)) - -4. What is the highest common factor of 33 and c?
3
Let k(t) = -t + 7. Let p(z) = z**2 + 2*z - 2. Let b be p(2). Let r = -1 + b. Let d be k(r). What is the greatest common divisor of 16 and d?
2
Suppose -2*x + 2*y = x + 10, -4*y = -2*x - 20. Suppose x*d = 3*d - 42. What is the highest common factor of 112 and d?
14
Let o = 86 - -79. Let i(g) = -g**2 + 11*g - 9. Suppose -3*z = -7*z + 32. Let w be i(z). What is the greatest common factor of w and o?
15
Suppose 0 = -5*x + 7*x - 20. Calculate the greatest common divisor of x and 5.
5
Suppose -3*c + 10 = -a, 6*c - 3*c - 20 = -4*a. Let g be (-1)/(a/(-46)) + 1. What is the greatest common divisor of g and 3?
3
Let q(a) = -a**2 + 12 + 3 - 5 - 9*a. Let z be q(-9). What is the highest common factor of 4 and z?
2
Let f = -15 - -26. Let b = 6 + 13. Suppose -3 = -v + b. Calculate the greatest common factor of f and v.
11
Let p be (-5)/(-20) - 204/(-16). What is the highest common divisor of p and 52?
13
Let j = 29 - 17. Let v(y) = -17*y**3 - 2*y**2 - y + 2. Let f be v(-2). What is the greatest common factor of j and f?
12
Suppose 24 = r + 3*l, -4*l = r - 10 - 15. Let x be r/(-2 - -1 - -2). Calculate the greatest common divisor of 231 and x.
21
Let b be (-3685)/(-66) + 1/6. What is the highest common divisor of 14 and b?
14
Let s(q) = 3*q**2 - 3*q - 4. Let m be s(3). Calculate the highest common factor of 154 and m.
14
Let o be (-2 - (1 + 0)) + 14 + -6. What is the highest common factor of o and 65?
5
Suppose -5*i + 5 = -5*d, -6*d + 13 = 4*i - d. Let a be ((-56)/12 - -4)/((-7)/42). Calculate the highest common divisor of a and i.
2
Let o = -2 - -4. Let h(m) = 2*m**3 - 2*m**2 - 2*m + 2. Let z be h(o). Calculate the greatest common factor of z and 4.
2
Let t be (-2)/4 + 6/(-4). Let f be 1 - t*1/2. Suppose -f*m + 2 = -0. Calculate the greatest common factor of m and 4.
1
Let b(z) = -z**2 - 5*z + 2. Let r be b(-5). Suppose 0 + 24 = r*v. Suppose 4*s - 12 = 0, -3*f = -s + v - 324. What is the highest common divisor of f and 15?
15
Let k be (-9)/6 + (-309)/(-6). What is the highest common divisor of k and 10?
10
Let d be (8/(-3) + 4)/(4/198). What is the greatest common divisor of 11 and d?
11
Let a be (-36)/162 - 598/(-18). Calculate the highest common divisor of a and 11.
11
Let l be 135/(-3)*(-8 - -7). Calculate the greatest common divisor of l and 18.
9
Suppose 5*n - 128 = 112. Suppo